{"id":2241,"date":"2024-09-28T13:14:58","date_gmt":"2024-09-28T18:14:58","guid":{"rendered":"https:\/\/www.coopserp.com\/alterno\/?page_id=2241"},"modified":"2024-10-25T16:17:18","modified_gmt":"2024-10-25T21:17:18","slug":"politicas-de-datos","status":"publish","type":"page","link":"https:\/\/www.coopserp.com\/alterno\/politicas-de-datos\/","title":{"rendered":"Pol\u00edticas de Datos"},"content":{"rendered":"\t\t<div data-elementor-type=\"wp-page\" data-elementor-id=\"2241\" class=\"elementor elementor-2241\" data-elementor-post-type=\"page\">\n\t\t\t\t<div class=\"elementor-element elementor-element-fb66836 e-con-full e-flex e-con e-parent\" data-id=\"fb66836\" data-element_type=\"container\" data-e-type=\"container\" data-settings=\"{&quot;background_background&quot;:&quot;classic&quot;}\">\n\t\t\t\t<\/div>\n\t\t<div class=\"elementor-element elementor-element-8239717 e-flex e-con-boxed e-con e-parent\" data-id=\"8239717\" data-element_type=\"container\" data-e-type=\"container\">\n\t\t\t\t\t<div class=\"e-con-inner\">\n\t\t\t\t<div class=\"elementor-element elementor-element-5be60c2 elementor-widget elementor-widget-heading\" data-id=\"5be60c2\" data-element_type=\"widget\" data-e-type=\"widget\" data-widget_type=\"heading.default\">\n\t\t\t\t<div class=\"elementor-widget-container\">\n\t\t\t\t\t<h2 class=\"elementor-heading-title elementor-size-default\">Pol\u00edticas de Datos<\/h2>\t\t\t\t<\/div>\n\t\t\t\t<\/div>\n\t\t\t\t<div class=\"elementor-element elementor-element-f02700c elementor-widget elementor-widget-text-editor\" data-id=\"f02700c\" data-element_type=\"widget\" data-e-type=\"widget\" data-widget_type=\"text-editor.default\">\n\t\t\t\t<div class=\"elementor-widget-container\">\n\t\t\t\t\t\t\t\t\t<p>La presente pol\u00edtica de privacidad y protecci\u00f3n de datos personales forma parte de los t\u00e9rminos y condiciones que regulan el uso que COOPSERP COLOMBIA da a los datos almacenados de todos aquellos asociados y ex \u2013asociados de la entidad, conforme a la Ley 1581 de 2012 y su Decreto Reglamentario 1377 de 2013, los cuales establecen especial protecci\u00f3n al derecho que tienen las personas naturales para autorizar el manejo de la informaci\u00f3n personal que de ellas es almacenada en bases de datos o archivos, as\u00ed como su posterior actualizaci\u00f3n y rectificaci\u00f3n.<\/p><p>Los datos almacenados tienen por objeto realizar las diferentes invitaciones a nuestros eventos, informarle las promociones y beneficios a los cuales puede acceder el asociado y notificarlo del estado actual de su cuenta como DEUDOR PRINCIPAL O CODEUDOR SOLIDARIO<\/p>\t\t\t\t\t\t\t\t<\/div>\n\t\t\t\t<\/div>\n\t\t\t\t<div class=\"elementor-element elementor-element-6c7e33b elementor-mobile-align-center elementor-widget elementor-widget-button\" data-id=\"6c7e33b\" data-element_type=\"widget\" data-e-type=\"widget\" data-widget_type=\"button.default\">\n\t\t\t\t<div class=\"elementor-widget-container\">\n\t\t\t\t\t\t\t\t\t<div class=\"elementor-button-wrapper\">\n\t\t\t\t\t<a class=\"elementor-button elementor-button-link elementor-size-sm\" href=\"https:\/\/www.coopserp.com\/alterno\/politica-de-tratamiento-de-datos-personales\/\">\n\t\t\t\t\t\t<span class=\"elementor-button-content-wrapper\">\n\t\t\t\t\t\t<span class=\"elementor-button-icon\">\n\t\t\t\t<svg xmlns=\"http:\/\/www.w3.org\/2000\/svg\" width=\"16\" height=\"11\" viewBox=\"0 0 16 11\" fill=\"none\"><path d=\"M10.4688 10.7812C10.3125 10.625 10.25 10.4375 10.25 10.25C10.25 10.0625 10.3125 9.84375 10.4688 9.71875L13.4375 6.75H0.75C0.3125 6.75 0 6.40625 0 6C0 5.5625 0.3125 5.25 0.75 5.25H13.4375L10.4688 2.28125C10.1562 1.96875 10.1562 1.5 10.4688 1.21875C10.75 0.90625 11.2188 0.90625 11.5 1.21875L15.75 5.46875C16.0625 5.75 16.0625 6.21875 15.75 6.53125L11.5 10.7812C11.2188 11.0625 10.75 11.0625 10.4688 10.7812Z\" fill=\"white\"><\/path><\/svg>\t\t\t<\/span>\n\t\t\t\t\t\t\t\t\t<span class=\"elementor-button-text\">POL\u00cdTICA DE TRATAMIENTO DE DATOS PERSONALES<\/span>\n\t\t\t\t\t<\/span>\n\t\t\t\t\t<\/a>\n\t\t\t\t<\/div>\n\t\t\t\t\t\t\t\t<\/div>\n\t\t\t\t<\/div>\n\t\t\t\t<div class=\"elementor-element elementor-element-24a9e67 elementor-mobile-align-center elementor-widget elementor-widget-button\" data-id=\"24a9e67\" data-element_type=\"widget\" data-e-type=\"widget\" data-widget_type=\"button.default\">\n\t\t\t\t<div class=\"elementor-widget-container\">\n\t\t\t\t\t\t\t\t\t<div class=\"elementor-button-wrapper\">\n\t\t\t\t\t<a class=\"elementor-button elementor-button-link elementor-size-sm\" href=\"https:\/\/www.coopserp.com\/alterno\/aviso-de-privacidad\/\">\n\t\t\t\t\t\t<span class=\"elementor-button-content-wrapper\">\n\t\t\t\t\t\t<span class=\"elementor-button-icon\">\n\t\t\t\t<svg xmlns=\"http:\/\/www.w3.org\/2000\/svg\" width=\"16\" height=\"11\" viewBox=\"0 0 16 11\" fill=\"none\"><path d=\"M10.4688 10.7812C10.3125 10.625 10.25 10.4375 10.25 10.25C10.25 10.0625 10.3125 9.84375 10.4688 9.71875L13.4375 6.75H0.75C0.3125 6.75 0 6.40625 0 6C0 5.5625 0.3125 5.25 0.75 5.25H13.4375L10.4688 2.28125C10.1562 1.96875 10.1562 1.5 10.4688 1.21875C10.75 0.90625 11.2188 0.90625 11.5 1.21875L15.75 5.46875C16.0625 5.75 16.0625 6.21875 15.75 6.53125L11.5 10.7812C11.2188 11.0625 10.75 11.0625 10.4688 10.7812Z\" fill=\"white\"><\/path><\/svg>\t\t\t<\/span>\n\t\t\t\t\t\t\t\t\t<span class=\"elementor-button-text\">AVISO DE PRIVACIDAD<\/span>\n\t\t\t\t\t<\/span>\n\t\t\t\t\t<\/a>\n\t\t\t\t<\/div>\n\t\t\t\t\t\t\t\t<\/div>\n\t\t\t\t<\/div>\n\t\t\t\t<div class=\"elementor-element elementor-element-4be6de6 elementor-mobile-align-center elementor-widget elementor-widget-button\" data-id=\"4be6de6\" data-element_type=\"widget\" data-e-type=\"widget\" data-widget_type=\"button.default\">\n\t\t\t\t<div class=\"elementor-widget-container\">\n\t\t\t\t\t\t\t\t\t<div class=\"elementor-button-wrapper\">\n\t\t\t\t\t<a class=\"elementor-button elementor-button-link elementor-size-sm\" href=\"https:\/\/www.coopserp.com\/alterno\/?page_id=2265\">\n\t\t\t\t\t\t<span class=\"elementor-button-content-wrapper\">\n\t\t\t\t\t\t<span class=\"elementor-button-icon\">\n\t\t\t\t<svg xmlns=\"http:\/\/www.w3.org\/2000\/svg\" width=\"16\" height=\"11\" viewBox=\"0 0 16 11\" fill=\"none\"><path d=\"M10.4688 10.7812C10.3125 10.625 10.25 10.4375 10.25 10.25C10.25 10.0625 10.3125 9.84375 10.4688 9.71875L13.4375 6.75H0.75C0.3125 6.75 0 6.40625 0 6C0 5.5625 0.3125 5.25 0.75 5.25H13.4375L10.4688 2.28125C10.1562 1.96875 10.1562 1.5 10.4688 1.21875C10.75 0.90625 11.2188 0.90625 11.5 1.21875L15.75 5.46875C16.0625 5.75 16.0625 6.21875 15.75 6.53125L11.5 10.7812C11.2188 11.0625 10.75 11.0625 10.4688 10.7812Z\" fill=\"white\"><\/path><\/svg>\t\t\t<\/span>\n\t\t\t\t\t\t\t\t\t<span class=\"elementor-button-text\"> POL\u00cdTICA DE COBRANZA<\/span>\n\t\t\t\t\t<\/span>\n\t\t\t\t\t<\/a>\n\t\t\t\t<\/div>\n\t\t\t\t\t\t\t\t<\/div>\n\t\t\t\t<\/div>\n\t\t\t\t<div class=\"elementor-element elementor-element-9f13d63 elementor-mobile-align-center elementor-widget elementor-widget-button\" data-id=\"9f13d63\" data-element_type=\"widget\" data-e-type=\"widget\" data-widget_type=\"button.default\">\n\t\t\t\t<div class=\"elementor-widget-container\">\n\t\t\t\t\t\t\t\t\t<div class=\"elementor-button-wrapper\">\n\t\t\t\t\t<a class=\"elementor-button elementor-button-link elementor-size-sm\" href=\"https:\/\/www.coopserp.com\/wp1\/wp-content\/uploads\/2024\/10\/TERMINOS-Y-CONDICIONES-FIESTA-DEL-ASOCIADO-AGENCIA-CALI-BC.pdf\" target=\"_blank\">\n\t\t\t\t\t\t<span class=\"elementor-button-content-wrapper\">\n\t\t\t\t\t\t<span class=\"elementor-button-icon\">\n\t\t\t\t<svg xmlns=\"http:\/\/www.w3.org\/2000\/svg\" width=\"16\" height=\"11\" viewBox=\"0 0 16 11\" fill=\"none\"><path d=\"M10.4688 10.7812C10.3125 10.625 10.25 10.4375 10.25 10.25C10.25 10.0625 10.3125 9.84375 10.4688 9.71875L13.4375 6.75H0.75C0.3125 6.75 0 6.40625 0 6C0 5.5625 0.3125 5.25 0.75 5.25H13.4375L10.4688 2.28125C10.1562 1.96875 10.1562 1.5 10.4688 1.21875C10.75 0.90625 11.2188 0.90625 11.5 1.21875L15.75 5.46875C16.0625 5.75 16.0625 6.21875 15.75 6.53125L11.5 10.7812C11.2188 11.0625 10.75 11.0625 10.4688 10.7812Z\" fill=\"white\"><\/path><\/svg>\t\t\t<\/span>\n\t\t\t\t\t\t\t\t\t<span class=\"elementor-button-text\">T\u00c9RMINOS Y CONDICIONES - FIESTA DEL ASOCIADO AGENCIA CALI BC<\/span>\n\t\t\t\t\t<\/span>\n\t\t\t\t\t<\/a>\n\t\t\t\t<\/div>\n\t\t\t\t\t\t\t\t<\/div>\n\t\t\t\t<\/div>\n\t\t\t\t<div class=\"elementor-element elementor-element-cac4cfd elementor-mobile-align-center elementor-widget elementor-widget-button\" data-id=\"cac4cfd\" data-element_type=\"widget\" data-e-type=\"widget\" data-widget_type=\"button.default\">\n\t\t\t\t<div class=\"elementor-widget-container\">\n\t\t\t\t\t\t\t\t\t<div class=\"elementor-button-wrapper\">\n\t\t\t\t\t<a class=\"elementor-button elementor-button-link elementor-size-sm\" href=\"https:\/\/www.coopserp.com\/wp1\/wp-content\/uploads\/2024\/10\/TERMINOS-Y-CONDICIONES-FIESTA-DEL-ASOCIADO-AGENCIA-CALI-CENTRO.pdf\" target=\"_blank\">\n\t\t\t\t\t\t<span class=\"elementor-button-content-wrapper\">\n\t\t\t\t\t\t<span class=\"elementor-button-icon\">\n\t\t\t\t<svg xmlns=\"http:\/\/www.w3.org\/2000\/svg\" width=\"16\" height=\"11\" viewBox=\"0 0 16 11\" fill=\"none\"><path d=\"M10.4688 10.7812C10.3125 10.625 10.25 10.4375 10.25 10.25C10.25 10.0625 10.3125 9.84375 10.4688 9.71875L13.4375 6.75H0.75C0.3125 6.75 0 6.40625 0 6C0 5.5625 0.3125 5.25 0.75 5.25H13.4375L10.4688 2.28125C10.1562 1.96875 10.1562 1.5 10.4688 1.21875C10.75 0.90625 11.2188 0.90625 11.5 1.21875L15.75 5.46875C16.0625 5.75 16.0625 6.21875 15.75 6.53125L11.5 10.7812C11.2188 11.0625 10.75 11.0625 10.4688 10.7812Z\" fill=\"white\"><\/path><\/svg>\t\t\t<\/span>\n\t\t\t\t\t\t\t\t\t<span class=\"elementor-button-text\">T\u00c9RMINOS Y CONDICIONES - FIESTA DEL ASOCIADO AGENCIA CALI CENTRO<\/span>\n\t\t\t\t\t<\/span>\n\t\t\t\t\t<\/a>\n\t\t\t\t<\/div>\n\t\t\t\t\t\t\t\t<\/div>\n\t\t\t\t<\/div>\n\t\t\t\t<div class=\"elementor-element elementor-element-a716dfd elementor-mobile-align-center elementor-widget elementor-widget-button\" data-id=\"a716dfd\" data-element_type=\"widget\" data-e-type=\"widget\" data-widget_type=\"button.default\">\n\t\t\t\t<div class=\"elementor-widget-container\">\n\t\t\t\t\t\t\t\t\t<div class=\"elementor-button-wrapper\">\n\t\t\t\t\t<a class=\"elementor-button elementor-button-link elementor-size-sm\" href=\"https:\/\/www.coopserp.com\/wp1\/wp-content\/uploads\/2024\/10\/TERMINOS-Y-CONDICIONES-FIESTA-DEL-ASOCIADO-AGENCIA-PEREIRA.pdf\" target=\"_blank\">\n\t\t\t\t\t\t<span class=\"elementor-button-content-wrapper\">\n\t\t\t\t\t\t<span class=\"elementor-button-icon\">\n\t\t\t\t<svg xmlns=\"http:\/\/www.w3.org\/2000\/svg\" width=\"16\" height=\"11\" viewBox=\"0 0 16 11\" fill=\"none\"><path d=\"M10.4688 10.7812C10.3125 10.625 10.25 10.4375 10.25 10.25C10.25 10.0625 10.3125 9.84375 10.4688 9.71875L13.4375 6.75H0.75C0.3125 6.75 0 6.40625 0 6C0 5.5625 0.3125 5.25 0.75 5.25H13.4375L10.4688 2.28125C10.1562 1.96875 10.1562 1.5 10.4688 1.21875C10.75 0.90625 11.2188 0.90625 11.5 1.21875L15.75 5.46875C16.0625 5.75 16.0625 6.21875 15.75 6.53125L11.5 10.7812C11.2188 11.0625 10.75 11.0625 10.4688 10.7812Z\" fill=\"white\"><\/path><\/svg>\t\t\t<\/span>\n\t\t\t\t\t\t\t\t\t<span class=\"elementor-button-text\">T\u00c9RMINOS Y CONDICIONES - FIESTA DEL ASOCIADO AGENCIA PEREIRA<\/span>\n\t\t\t\t\t<\/span>\n\t\t\t\t\t<\/a>\n\t\t\t\t<\/div>\n\t\t\t\t\t\t\t\t<\/div>\n\t\t\t\t<\/div>\n\t\t\t\t\t<\/div>\n\t\t\t\t<\/div>\n\t\t\t\t<\/div>\n\t\t","protected":false},"excerpt":{"rendered":"<p>Pol\u00edticas de Datos La presente pol\u00edtica de privacidad y protecci\u00f3n de datos personales forma parte de los t\u00e9rminos y condiciones que regulan el uso que COOPSERP COLOMBIA da a los datos almacenados de todos aquellos asociados y ex \u2013asociados de la entidad, conforme a la Ley 1581 de 2012 y su Decreto Reglamentario 1377 de [&hellip;]<\/p>\n","protected":false},"author":2,"featured_media":0,"parent":0,"menu_order":0,"comment_status":"closed","ping_status":"closed","template":"elementor_header_footer","meta":{"footnotes":""},"class_list":["post-2241","page","type-page","status-publish","hentry"],"_links":{"self":[{"href":"https:\/\/www.coopserp.com\/alterno\/wp-json\/wp\/v2\/pages\/2241","targetHints":{"allow":["GET"]}}],"collection":[{"href":"https:\/\/www.coopserp.com\/alterno\/wp-json\/wp\/v2\/pages"}],"about":[{"href":"https:\/\/www.coopserp.com\/alterno\/wp-json\/wp\/v2\/types\/page"}],"author":[{"embeddable":true,"href":"https:\/\/www.coopserp.com\/alterno\/wp-json\/wp\/v2\/users\/2"}],"replies":[{"embeddable":true,"href":"https:\/\/www.coopserp.com\/alterno\/wp-json\/wp\/v2\/comments?post=2241"}],"version-history":[{"count":34,"href":"https:\/\/www.coopserp.com\/alterno\/wp-json\/wp\/v2\/pages\/2241\/revisions"}],"predecessor-version":[{"id":2722,"href":"https:\/\/www.coopserp.com\/alterno\/wp-json\/wp\/v2\/pages\/2241\/revisions\/2722"}],"wp:attachment":[{"href":"https:\/\/www.coopserp.com\/alterno\/wp-json\/wp\/v2\/media?parent=2241"}],"curies":[{"name":"wp","href":"https:\/\/api.w.org\/{rel}","templated":true}]}}